ose a + 11839 = 4*l - 2*a, -4*l = -4*a - 11836. Is (3/(4 + -5))/((-6)/l) composite?
False
Let r(x) = -553*x - 15. Let k be r(-5). Let p = 6241 - k. Is p composite?
False
Let z be 3/5 - (-7)/5. Suppose -2*q - q - z*g = -1583, g = 2*q - 1046. Suppose -84 = -3*y + q. Is y prime?
False
Let j(q) = 302*q + 45. Is j(4) a prime number?
False
Let v(b) = -b**2 - 12*b - 7. Let j be v(-6). Let i = -317 - -465. Suppose -j + i = x. Is x a composite number?
True
Let o = -6804 + 25609. Is o prime?
False
Let r = -6 + 8. Suppose -2*n + 2*d = r*n + 12, 4*d = 5*n + 15. Is 11/((n + 5)/46) a composite number?
True
Suppose -2*y + b = -445, -y + 666 = 2*y - 3*b. Is y prime?
True
Let j = 11 - 6. Suppose -j*f + 21 = 1. Suppose 344 = f*y + 76. Is y a prime number?
True
Let d = 13043 + -3456. Is d composite?
False
Let k(v) = 7*v - 10. Let y be k(3). Suppose 0 = m - 358 + y. Is m a composite number?
False
Let g = 51 + -39. Let k(f) = -f**3 + 14*f**2 - 13*f + 11. Is k(g) a prime number?
False
Let m(y) = -3*y + 4. Let c be m(-10). Let s = c - -93. Is s prime?
True
Let j(q) = -q**3 - q**2 - 2*q - 2. Let u be j(-1). Suppose 2*f + 0*f = u. Suppose f = -0*p + 3*p - 327. Is p prime?
True
Let p(h) = 24*h**2 - 12*h - 1. Suppose -9*z = 41 + 40. Is p(z) a composite number?
True
Let m(z) = 18*z**2 + 21*z + 185. Is m(36) prime?
False
Let i = 45 + -43. Is 4762/6 + 3*i/(-9) prime?
False
Suppose 651*h = 629*h + 431882. Is h composite?
True
Suppose -3*m + 6 = -0*m. Suppose 4*k - m*k - 11746 = 0. Is k a prime number?
False
Suppose -353161 = -27*t + 29105. Is t composite?
True
Is (-20 - -23)*(-163)/(-1) a composite number?
True
Let a(z) = -z**3 - z**2 - z. Let v(h) = -8*h**3 - 9*h**2 - 12*h + 6. Let y(f) = -6*a(f) + v(f). Is y(-5) a composite number?
False
Suppose 0 = -18*u + 23*u - x - 524732, 209891 = 2*u - x. Is u a composite number?
False
Let y(q) = -q**2 - 20*q - 26. Let s be y(-13). Let b be 7/4 - 1/(-4). Suppose s = b*g - 233. Is g prime?
True
Let p be 33552/54 + (2/3 - 1). Let f = p + 194. Is f prime?
False
Suppose 114569 = 18*f - 5*f. Is f a prime number?
False
Let f(i) = 136*i - 141. Is f(8) a prime number?
True
Suppose t + 84 = -5*t. Let n = t + 18. Suppose 0 = -4*l + 32 + n. Is l prime?
False
Suppose 2*u + 4 = -2*u. Let t(a) = -4*a. Let h be t(u). Is 0 + 5 - (h - 6) a composite number?
False
Let l(p) = -47*p. Let d be l(2). Let u = 355 - d. Is u a prime number?
True
Let b(i) = 7*i**2 + 11*i**2 + 4 - i**3 - 18*i**2 - 2*i**2. Let u be (1 + -17)/2 - -3. Is b(u) prime?
True
Let n(a) = -a**3 - 19*a**2 - 13*a + 18. Suppose 4*b = -3*w - 73, -4*w + b = -2*w + 34. Is n(w) a prime number?
False
Suppose -4*d + 7 = -u + 62, -2*u = 2*d - 140. Is u composite?
False
Let z be 28/20 + (-3)/(-5). Let x = 6 - z. Suppose -10 = -s - 3*y, -s + x = 5*y - 0. Is s a prime number?
True
Suppose -4*y + 2*v = -5*y + 11109, 4*y - v - 44454 = 0. Is y prime?
True
Let h(p) = p**3 + p**2 + p - 257. Let s be h(0). Suppose 0 = 4*c + 3*m - 1768, 34*c = 39*c + 3*m - 2210. Let y = s + c. Is y prime?
False
Let b be (-766)/(8/(-20) + 32/30). Is b/(-6) + 1/(-2) prime?
True
Let g(o) = -850*o - 4. Let r be g(-5). Let c = -7200 + r. Is (0 + 3)*c/(-42) a composite number?
False
Suppose 246 = -6*s + 1542. Let h = s - -143. Is h a prime number?
True
Let x = -81 - -79. Let s(o) = o**2 + o. Let v be s(-5). Is ((-35)/v)/(x/8) composite?
False
Suppose 18 = 4*k - 2*b, -4*k + 5*b + 24 = -9. Suppose -77 = n - k*n. Is n a prime number?
False
Suppose d = -4*a + 9*a + 4618, 3*d = -a + 13838. Is d composite?
True
Let d = -18 - -22. Is 585/2 + 2/d a prime number?
True
Let c(i) = 39*i**2 + 2*i + 1. Let w(s) = -s**2 + s + 1. Let u be w(-1). Let n be c(u). Let j = n + -5. Is j a composite number?
True
Let c = 7 - 3. Suppose 0*y + c*y = 12. Let l(i) = 48*i**2 - 2*i - 4. Is l(y) prime?
False
Is (-332)/249 - 3151/(-3) prime?
True
Is (-160349)/7*(2 - 7) composite?
True
Suppose -6076 - 11746 = 19*k. Let z = -171 - k. Is z composite?
True
Let a = -5884 - -8702. Is a a prime number?
False
Let d = 7304 - 3327. Is d a composite number?
True
Suppose 8*y - 12*y - 5*l + 7219 = 0, -2*y + 3*l = -3593. Is y prime?
True
Let h be (-2)/3*-2 - 211825/(-15). Suppose h = -14*t + 35697. Is t a prime number?
False
Let d(l) = -11*l - 5. Let f be d(-3). Suppose 0 = 4*v - 0 - f. Let z(p) = p**3 - 4*p**2 - 6*p - 8. Is z(v) a prime number?
True
Let v(k) = -k - 9. Let a be v(-5). Let d be 1 + 29/(-1)*a. Suppose -b = -94 - d. Is b a prime number?
True
Let s(m) = -m**3 - m**2 + 109. Let g be (-1)/6 + 65/30. Suppose 0 = -0*o - g*o. Is s(o) composite?
False
Let r(t) = -2*t + 10. Let s be r(-3). Let o be (-1)/((-3)/(s - 4)). Is -2 - o/((-16)/2452) a prime number?
False
Let r = -2153 - -3555. Is (r/4)/(3/6) a composite number?
False
Is 1 + 1200 + 14*2/7 a composite number?
True
Let z(t) be the first derivative of t**3/3 - 5*t**2 - t + 4. Let u be z(7). Let p = 33 - u. Is p a prime number?
False
Suppose -p + 5*p = -4*m + 28, 1 = -5*p + 4*m. Suppose p*x = 4*x. Suppose 4*o - 1598 = 2*f, -o + x*o + 2*f = -407. Is o a composite number?
False
Is 1 + (8 - 4 - -1888) a prime number?
False
Suppose 0 = -5*q + 31 + 109. Suppose 32*a - 1796 = q*a. Is a a composite number?
False
Suppose 5*g - 3760 = -0*g. Suppose 0 = -3*p + 5*p - g. Let s = 93 + p. Is s prime?
False
Let l be (-15)/6*(-8)/10. Suppose -l*b = -2*a + 3*a - 5, 0 = 5*b + a - 5. Is (-5)/((-10)/1374) - b prime?
False
Suppose 2*f - 369 = -97. Suppose -5*w + f = -3*q - 1775, w = 3*q + 387. Is w a prime number?
False
Let a(i) = i**2 + 6*i + 8. Let w be a(-5). Suppose w*d - 3324 = -3*d. Is d prime?
False
Let h(r) = 193*r**2 - 50*r + 36. Let s(b) = 64*b**2 - 17*b + 12. Let i(l) = -6*h(l) + 17*s(l). Let c(f) be the first derivative of i(f). Is c(-4) composite?
False
Suppose -17*x + 11732 = 11*x. Is x prime?
True
Suppose -2*t + 11 - 1 = 0. Suppose t = 5*o - 20. Suppose -395 = -0*m - o*m. Is m composite?
False
Let m(s) = -8*s**3 - s. Let g be m(-1). Let t(o) be the first derivative of 21*o**2/2 - 20*o - 67. Is t(g) a prime number?
False
Suppose 76 = -5*a + 91. Let g(t) = 75*t - 14. Is g(a) composite?
False
Let m(y) = -27*y**3 - y**2 - 5*y + 2. Let w be m(3). Let p = -131 - w. Is -3 - (-9)/(18/p) prime?
True
Suppose -5*w - 17 = r, -3*w - 3 = r + 2*r. Suppose r*d - 390 = 387. Is d a composite number?
True
Let q = -4128 + -2419. Let f = 11258 + q. Is f prime?
False
Let o(t) = -t - 17. Let b be o(-19). Suppose -208 = -2*a - b*r, -5*a = 3*r - 183 - 341. Is a a prime number?
False
Suppose 71*w - 74*w = -6081. Is w a prime number?
True
Let y = 8827 - 1038. Is y prime?
True
Suppose -2*u = 3*w - 6, 5*u - 6*w + 10 = -w. Let l = 42 + -40. Suppose 5 = -c - u*c, 0 = 5*g + l*c - 765. Is g composite?
True
Suppose 2*y = -3*h + 25, 3*h + 3 = 5*y - 7. Suppose 222 = -y*o + 7*o. Suppose -4*r + 157 + o = 0. Is r a composite number?
False
Suppose 4*z + 3*n + 2*n = -19, -11 = -z + 4*n. Is (-163)/(-2)*(z + 3) a prime number?
True
Suppose -4*t + 4*c + 9245 = 2949, t - 1589 = -4*c. Suppose -13 = 4*h - t. Is h composite?
True
Let u(n) = 4*n**2 - 9*n + 5. Let g = 16 + -19. Let f(a) = -a**3 - 3*a**2 - a + 3. Let p be f(g). Is u(p) prime?
False
Let o(x) = -7 - 50*x - 34*x - 4. Is o(-15) composite?
False
Suppose 0 = 7*c - 10*c - 3*d + 21, 3*c - 4*d = 14. Suppose -c*u - 5*u + 4147 = 0. Is u prime?
False
Let t(c) = -11*c**3 - 2*c + 1. Let r be t(1). Let x(l) = l**3 + 14*l**2 + 14*l - 1. Is x(r) a composite number?
True
Let d(a) = a**2 - 7*a + 7. Let n be d(6). Let u be -4*n*(-15)/20. Suppose 0 = u*j - 2*r - 975, j + 6*r - 314 = 3*r. Is j prime?
False
Let o(f) = -2750*f + 17. Is o(-4) a prime number?
False
Suppose x + 1598 = -4*i - 642, 1120 = -2*i + 2*x. Let n = -397 - i. Is n a composite number?
False
Suppose 5*r + p - 18 = 0, -4*p = 2*r - r + 4. Is 1905/(-9)*((-24)/2)/r a prime number?
False
Suppose -j - 2*f - 3054 + 927 = 0, 5*j - 3*f + 10570 = 0. Let x = -774 - j. Is x prime?
False
Let m(v) = 21*v**3 - 17*v**2 + 33*v + 16. Is m(7) prime?
False
Let n = 25 - 23. Suppose 3*g - 21 = -5*u, 2*u = -3*g - n*g + 54. Is 6*2*33/g prime?
False
Let q(f) = f**2 - 10*f + 35. Suppose -6*u + 34 = -74. Is q(u) composite?
False
Let c = -36 - 30. Let i = c + 42. Let l = i - -47. Is l composite?
False
Suppose 3*i + 44 = -i. Let y = 21 - i. Suppose x - y - 17 = 0. Is x composite?
T